*m. Calculate the highest common divisor of 147 and m.
49
Let f(r) = 4*r**2 + 4*r + 10. Let h be f(-5). Let m be ((-1)/(-2))/((-6)/(-216)). Calculate the highest common factor of h and m.
18
Let z(t) = t**3 - 6*t**2 + t - 8. Suppose 3*p + 2 - 26 = 0. Let l be z(p). What is the highest common divisor of l and 32?
32
Let i(m) = -9*m - 12. Let a = 6 + -2. Let b(j) = 10*j + 13. Let s(f) = a*b(f) + 5*i(f). Let v be s(-7). Calculate the greatest common divisor of v and 3.
3
Suppose -2*q + 3*h + 425 = -0*h, 853 = 4*q - 3*h. Let g = -110 + q. Calculate the highest common divisor of g and 13.
13
Let d(m) = 8*m**3 - 4*m + 6*m**2 - m - 9*m**3. Let c be d(4). What is the greatest common divisor of c and 8?
4
Let h(c) = -c**3 - 10*c**2 + 6. Let n be h(-10). Calculate the greatest common factor of 2 and n.
2
Let p be (-8)/(-4) - (2 - 1). Let j be -2 - (1 - (p - -13)). Suppose 3*f + 3*s - 372 = 0, 2*s + s - 9 = 0. What is the highest common factor of j and f?
11
Let c(n) = -n**3 + 12*n**2 + 13*n + 8. Let z be c(13). What is the highest common divisor of 40 and z?
8
Let j = 9 - -50. Calculate the highest common divisor of j and 118.
59
Let q(p) = -8*p + 27. Let c be q(-9). What is the highest common divisor of c and 9?
9
Suppose 5*z + 104 = -511. Let a = z + 213. What is the highest common divisor of a and 9?
9
Suppose -5*o + 6*o = 25. Calculate the highest common factor of 200 and o.
25
Let a be -1 + (-3)/9*-9. Suppose -4*w = a*t - 50 - 14, -34 = -w + 4*t. Calculate the highest common factor of w and 198.
18
Let f = 45 + 3. Suppose 5*x + 8 - 28 = 0. Suppose -x*c = -h - c + 21, 0 = 2*c + 10. What is the greatest common factor of h and f?
6
Let c(r) = -r**2 + 11*r - 21. Let d be c(7). Calculate the highest common factor of 63 and d.
7
Suppose 2*f - 4 = -n, 3*f - 17 = -2*n + 6*n. Let d be 15 - 2/(4 + n). Calculate the highest common divisor of 7 and d.
7
Suppose -3*t - 442 - 53 = 0. Let k be (2 + 0)*t/(-22). Let l = 249 + -174. Calculate the highest common divisor of k and l.
15
Let c(j) = -123*j. Let z be c(1). Let d = -67 - z. Calculate the greatest common divisor of d and 7.
7
Let r = -14 + 6. Let n be ((-6)/(-3) - r)/1. Calculate the highest common factor of 40 and n.
10
Suppose 2*c + 3*a + 20 = 0, 4*c + 17 = -2*a - 23. Let i(q) = q + 11. Let u be i(c). Suppose 3*y = 3 + 9. What is the highest common divisor of u and y?
1
Let b(l) = l**2 + 4*l + 7. Let s be b(-6). What is the highest common divisor of s and 209?
19
Let a(n) = -97*n**3 + 2*n**2 + 2*n + 1. Let k be a(-1). Suppose 0 = 2*j - 82 - k. Suppose h - j = -h. Calculate the highest common factor of 18 and h.
9
Suppose 2*x - 20 = -5*m - 2*x, -x = m - 3. Let s = -3 + 8. Suppose 3*c = -4*l + 131, 3*c - 116 = -s*l + 47. What is the highest common factor of l and m?
8
Let b(j) = 3*j + 39. Let m be b(-12). Calculate the highest common factor of 21 and m.
3
Let o be 1/(2/66 - 0). Let f(x) = -x**2 - 2*x + 22. Let k be f(0). Suppose 0 = d - 0*d - k. Calculate the greatest common factor of d and o.
11
Suppose 7*c - 24 = 3*c. Let i be 1 + 4*2/4. Calculate the greatest common divisor of c and i.
3
Let s(n) = -4*n**2 + 16*n + 10. Let h(u) = -9*u**2 + 32*u + 20. Let d(a) = -3*h(a) + 7*s(a). Let x be d(16). What is the greatest common divisor of x and 10?
10
Suppose -3 - 25 = -2*v. Let g(p) = 63*p**2 - 2. Let j be g(2). Let u = j + -124. What is the highest common factor of v and u?
14
Suppose 24*f = 26*f - 42. What is the highest common factor of f and 189?
21
Suppose -6*k + 65 = -k. What is the highest common factor of 39 and k?
13
Let k be ((-3)/1 - -1)/(-2). Suppose 5*t + 3*c = 60, 3*t - 3*c + 0*c - 12 = 0. Suppose t*i - 4*i = 40. Calculate the highest common factor of i and k.
1
Let c be (24/(-32) - -3)/((-1)/(-20)). What is the highest common divisor of c and 10?
5
Let u(i) = 9*i + 3. Let f be u(1). What is the highest common factor of 20 and f?
4
Suppose -3*h + 2*p + 217 = p, -2*p + 286 = 4*h. Let v be (8/12)/(2/h). Let u = v - 10. Calculate the greatest common divisor of u and 126.
14
Let r be (1 + -1)*(-3)/3. Let l(h) = -h**2 - h + 12. Let g be l(r). Suppose k - 7 - 1 = 0. What is the greatest common factor of k and g?
4
Let s be (0 - (-1)/(-4))*(1 - 37). Calculate the greatest common factor of 1 and s.
1
Let v(x) = 81*x**2 + 2*x - 3. Suppose 10*d - 15 = 5*d. Let p be v(d). Suppose 5*y + 192 - p = 0. What is the highest common divisor of 12 and y?
12
Let d(k) = k - 6. Let x be d(8). Let g be ((-6)/x)/(3/(-5)). Calculate the greatest common factor of 20 and g.
5
Let i(u) = u**2 + 2*u + 17. Let g be i(0). What is the greatest common divisor of 85 and g?
17
Let s(c) = -c + 14. Let t be s(-6). Calculate the greatest common divisor of t and 220.
20
Suppose -a - 3*f + 5 + 6 = 0, -f = -2. Suppose 4 = -0*v + v, a*v = -3*s + 29. What is the greatest common factor of s and 3?
3
Suppose -4*t + 73 = 5*w, 44 = 3*t - t + 4*w. Let n = -116 + 176. Calculate the greatest common factor of t and n.
12
Let y = 3 + 4. What is the highest common divisor of y and 63?
7
Suppose 0*b = -13*b + 1287. What is the highest common divisor of 9 and b?
9
Let s(d) = -6*d**3 - 3*d**2 + 2. Let l be s(-1). What is the highest common factor of 45 and l?
5
Let f be -1 + 3 - (2 + -16 + 0). What is the highest common factor of 96 and f?
16
Let c = 69 - -31. Suppose 3*t + 4*q - 128 = 0, -2*t - 3*q + 17 + 69 = 0. Calculate the highest common divisor of c and t.
20
Suppose 0 = 5*j - 3*j - 6. Suppose 0 = 5*v - 2*q - 34, j*v - 2*q + 3*q = 27. Let n = v - 2. What is the highest common factor of 18 and n?
6
Let v(f) = f**3 + 7*f**2 + 3. Suppose 0 = z + 1 + 6. Let l be v(z). Suppose l*t - 55 = 2*t. What is the greatest common divisor of 11 and t?
11
Suppose 74 = 5*v - 6. Suppose 8 = y - v. What is the greatest common factor of 48 and y?
24
Suppose 0*t = 4*t - 12. Suppose r - 3*b + 259 = 6*r, 5*r - t*b = 271. Let d = -20 + r. Calculate the highest common divisor of d and 11.
11
Let k(p) be the second derivative of p**4/6 + 5*p**2/2 - 2*p. Suppose 0 = -6*l + 2*l - 20. Let i be k(l). Calculate the greatest common divisor of i and 22.
11
Suppose -b - 9 = -4*b. Suppose 3 = 2*v - x, 0 = -4*v + 2*x - b*x + 21. Suppose 4*y + v = 5*y. What is the highest common divisor of y and 28?
4
Let o(s) = -s**2 - 4*s - 2. Let l = -4 + 1. Let b be o(l). Let h be -4*b*-2 + -1. Calculate the greatest common factor of 56 and h.
7
Let r = -2 - -4. Suppose -r*w + 3*q + 40 = 0, w - 7*q = -2*q + 20. Calculate the greatest common divisor of w and 10.
10
Let r(t) = -t**3 - 6*t**2 - 2*t - 3. Let w be r(-6). What is the greatest common factor of w and 3?
3
Suppose 3*v - 18 + 15 = 0. Calculate the highest common divisor of 17 and v.
1
Let q = 108 - 103. Let x be -33*5*2/(-6). What is the greatest common divisor of x and q?
5
Suppose -10*k + 12*k - 5*g = 133, 3*g + 131 = 2*k. What is the highest common factor of k and 16?
16
Let o = -44 + 58. What is the highest common divisor of 7 and o?
7
Suppose 4*f = -g - 11, 0*g - 3*f - 17 = 2*g. Let y be g/(4 - 580/144). What is the highest common divisor of y and 36?
36
Let a(v) = -6*v - 21. Let i(y) = -y - 3. Let j(s) = -4*a(s) + 27*i(s). Suppose 2*n - 2 = -10. Let d be j(n). What is the greatest common divisor of 5 and d?
5
Let d be (1 - 4) + ((-12)/(-3) - -44). Calculate the greatest common divisor of 45 and d.
45
Let z = -472 - -477. Let p be (-1)/(-3) - (-14)/3. What is the greatest common factor of p and z?
5
Let a be 2/(-6) + (-94)/6. Let b be 20/a*1*-8. What is the greatest common factor of 20 and b?
10
Let b(y) = 2*y + 1. Let h be b(-6). Let v = -3 - h. Let l(m) = -m**3 + 7*m**2 + 2*m + 2. Let f be l(7). What is the highest common divisor of v and f?
8
Let i(t) = -11*t + 1. Let q be i(2). Let w = -79 - -38. Let v = q - w. Calculate the highest common divisor of v and 2.
2
Let t(o) = o**2 + 2*o + 3. Let k be t(-2). Let q be -3 + (-43)/(-4 + k). Calculate the greatest common divisor of q and 10.
10
Let a = -4 + 6. Let n be 10/(-2)*(-2)/a. Let y be (0 + -5)/((-2)/14). What is the greatest common factor of n and y?
5
Suppose 0*l - 2*l + 26 = 0. Suppose 2*p - 91 = 13. Calculate the greatest common factor of l and p.
13
Let c(t) = -45*t. Let b = 20 + -12. Suppose b = -2*l - 2*l. Let g be c(l). What is the highest common factor of 18 and g?
1